{"id":621,"date":"2015-08-22T16:32:47","date_gmt":"2015-08-22T14:32:47","guid":{"rendered":"http:\/\/dcis.inf.fu-berlin.de\/rojas\/?page_id=621"},"modified":"2016-09-15T11:01:52","modified_gmt":"2016-09-15T09:01:52","slug":"die-tiefe-des-raumes-okonomie-und-wissenschaft-des-fusballspiels-german-edition","status":"publish","type":"page","link":"https:\/\/dcmlr.inf.fu-berlin.de\/rojas\/books-published-by-prof-r-rojas-1987-2013\/die-tiefe-des-raumes-okonomie-und-wissenschaft-des-fusballspiels-german-edition\/","title":{"rendered":"Die Tiefe des Raumes &#8211; \u00d6konomie und Wissenschaft des Fu\u00dfballspiels"},"content":{"rendered":"<h5 style=\"text-align: justify;\">\u00a0<strong>Book Description<\/strong><\/h5>\n<p style=\"text-align: justify;\"><strong>(German Edition)<\/strong><\/p>\n<p style=\"text-align: justify;\">&#8220;Gott ist rund&#8221;, schrieb der mexikanische Schriftsteller Juan Villoro. Wie sieht seine Flugbahn aus? Den Ball im Blick rennt der Fu\u00dfballspieler alle 70 Sekunden eines Matches los, um mit seiner Mannschaft das Runde ins Netz zu jagen und Gebete der Fans zu erf\u00fcllen. Wie aber steht es mit der Wissenschaft, mit Flugbahnen der postaristotelischen Physik oder mit der berechenbaren Wahrscheinlichkeit, dass Deutschland und nicht Brasilien oder Spanien Weltmeister wird?<\/p>\n<p style=\"text-align: justify;\">Tore folgen dem &#8220;Gesetz der kleinen Zahlen&#8221;, schreibt Ra\u00fal Rojas im e-Book &#8220;Aus der Tiefe des Raumes&#8221; und verr\u00e4t vor der WM in Brasilien, wann die entscheidenden Tore fallen, um wieviel schneller das Spiel geworden ist, wie es wissenschaftlich um den neuen &#8220;Brazuca&#8221;-Ball steht, ob Spieltheorien beim Elfmeter helfen, und dass der Soccer-Power-Index (SPI) mehr aussagt als das FIFA-Ranking. Rojas dribbelt und zaubert mit Karl-Heinz Rummenigges Satz &#8220;Fu\u00dfball ist keine Mathematik&#8221;.<\/p>\n<p style=\"text-align: justify;\">Stimmt schon, so Rojas, Professor f\u00fcr Mathematik und Informatik: Fu\u00dfball hat eine nicht zu vernachl\u00e4ssigende zuf\u00e4llige Komponente, die die besten Versuche, Ordnung im Chaos zu finden, durcheinander bringt. Aber mit Mathematik, Physik und mit Wirtschaftswissenschaften lassen sich Aussagen treffen, die das Ball-Geschehen besser beleuchten, wie das Buch vorf\u00fchrt. Etwa wenn es darum geht, die Weltmeisterschaft am Computer zu simulieren, um herauszufinden, welche Mannschaft die besten Chancen hat, das Turnier zu gewinnen.<\/p>\n<p style=\"text-align: justify;\">&#8220;Nicht immer gewinnt die beste Mannschaft, so dass am Ende von 1.000 Simulationen die H\u00e4ufigkeit des Gewinns durch Brasilien, Deutschland oder Spanien angegeben werden kann. Es ist, als ob wir tausend Welten h\u00e4tten, in denen die WM ausgetragen wird. In etwa 17% dieser alternativen Realit\u00e4ten, d.h. in 170 Welten, gewinnt auch Deutschland.&#8221;<\/p>\n<p style=\"text-align: justify;\"><div id=\"envira-gallery-wrap-621\" class=\"envira-gallery-wrap envira-gallery-theme-base envira-lightbox-theme-base\" itemscope itemtype=\"https:\/\/schema.org\/ImageGallery\"><div data-row-height=\"\" data-gallery-theme=\"\" id=\"envira-gallery-621\" class=\"envira-gallery-public  envira-gallery-1-columns envira-clear enviratope envira-gallery-css-animations\" data-envira-columns=\"1\"><div id=\"envira-gallery-item-634\" class=\"envira-gallery-item enviratope-item envira-gallery-item-1\" style=\"padding-left: 5px; padding-bottom: 10px; padding-right: 5px;\"  itemscope itemtype=\"https:\/\/schema.org\/ImageObject\"><div class=\"envira-gallery-item-inner\"><div class=\"envira-gallery-position-overlay  envira-gallery-top-left\"><\/div><div class=\"envira-gallery-position-overlay  envira-gallery-top-right\"><\/div><div class=\"envira-gallery-position-overlay  envira-gallery-bottom-left\"><\/div><div class=\"envira-gallery-position-overlay  envira-gallery-bottom-right\"><\/div><a href=\"http:\/\/dcis.inf.fu-berlin.de\/rojas\/wp-content\/uploads\/Die-Tiefe-des-Raumes-\u00d6konomie-und-Wissenschaft-des-Fu\u00dfballspiels-German-Edition.jpg\" class=\"envira-gallery-621 envira-gallery-link\" rel=\"enviragallery621\" title=\"Die Tiefe des Raumes\" data-envira-caption=\"Die Tiefe des Raumes\" data-envira-retina=\"\" data-thumbnail=\"\"  itemprop=\"contentUrl\"><div class=\"envira-lazy\" data-test-width=\"960\" data-test-height=\"300\" style=\"padding-bottom:31.25%;\"><img id=\"envira-gallery-image-634\" class=\"envira-gallery-image envira-gallery-image-1\" data-envira-index=\"1\" src=\"https:\/\/dcmlr.inf.fu-berlin.de\/rojas\/wp-content\/uploads\/Die-Tiefe-des-Raumes-\u00d6konomie-und-Wissenschaft-des-Fu\u00dfballspiels-German-Edition-960x300.jpg\" data-envira-src=\"https:\/\/dcmlr.inf.fu-berlin.de\/rojas\/wp-content\/uploads\/Die-Tiefe-des-Raumes-\u00d6konomie-und-Wissenschaft-des-Fu\u00dfballspiels-German-Edition-960x300.jpg\" data-envira-gallery-id=\"621\" data-envira-item-id=\"634\" data-envira-caption=\"Die Tiefe des Raumes\" alt=\"\" title=\"Die Tiefe des Raumes\"  itemprop=\"thumbnailUrl\" data-envira-srcset=\"https:\/\/dcmlr.inf.fu-berlin.de\/rojas\/wp-content\/uploads\/Die-Tiefe-des-Raumes-\u00d6konomie-und-Wissenschaft-des-Fu\u00dfballspiels-German-Edition-960x300.jpg 400w,https:\/\/dcmlr.inf.fu-berlin.de\/rojas\/wp-content\/uploads\/Die-Tiefe-des-Raumes-\u00d6konomie-und-Wissenschaft-des-Fu\u00dfballspiels-German-Edition-960x300.jpg 2x\" srcset=\"data:image\/gif;base64,R0lGODlhAQABAIAAAP\/\/\/\/\/\/\/yH5BAEKAAEALAAAAAABAAEAAAICTAEAOw==\" \/><\/div><\/a><\/div><\/div><\/div><\/div><noscript><img src=\"https:\/\/dcmlr.inf.fu-berlin.de\/rojas\/wp-content\/uploads\/Die-Tiefe-des-Raumes-\u00d6konomie-und-Wissenschaft-des-Fu\u00dfballspiels-German-Edition.jpg\" alt=\"\" \/><\/noscript><\/p>\n","protected":false},"excerpt":{"rendered":"<p>\u00a0Book Description (German Edition) &#8220;Gott ist rund&#8221;, schrieb der mexikanische Schriftsteller Juan Villoro. Wie sieht seine Flugbahn aus? Den Ball im Blick rennt der Fu\u00dfballspieler alle 70 Sekunden eines Matches los, um mit seiner Mannschaft das Runde &hellip; <a href=\"https:\/\/dcmlr.inf.fu-berlin.de\/rojas\/books-published-by-prof-r-rojas-1987-2013\/die-tiefe-des-raumes-okonomie-und-wissenschaft-des-fusballspiels-german-edition\/\" class=\"more-link\">Continue reading <span class=\"screen-reader-text\">Die Tiefe des Raumes &#8211; \u00d6konomie und Wissenschaft des Fu\u00dfballspiels<\/span> <span class=\"meta-nav\">&rarr;<\/span><\/a><\/p>\n","protected":false},"author":1,"featured_media":634,"parent":33,"menu_order":0,"comment_status":"closed","ping_status":"closed","template":"","meta":[],"_links":{"self":[{"href":"https:\/\/dcmlr.inf.fu-berlin.de\/rojas\/wp-json\/wp\/v2\/pages\/621"}],"collection":[{"href":"https:\/\/dcmlr.inf.fu-berlin.de\/rojas\/wp-json\/wp\/v2\/pages"}],"about":[{"href":"https:\/\/dcmlr.inf.fu-berlin.de\/rojas\/wp-json\/wp\/v2\/types\/page"}],"author":[{"embeddable":true,"href":"https:\/\/dcmlr.inf.fu-berlin.de\/rojas\/wp-json\/wp\/v2\/users\/1"}],"replies":[{"embeddable":true,"href":"https:\/\/dcmlr.inf.fu-berlin.de\/rojas\/wp-json\/wp\/v2\/comments?post=621"}],"version-history":[{"count":4,"href":"https:\/\/dcmlr.inf.fu-berlin.de\/rojas\/wp-json\/wp\/v2\/pages\/621\/revisions"}],"predecessor-version":[{"id":944,"href":"https:\/\/dcmlr.inf.fu-berlin.de\/rojas\/wp-json\/wp\/v2\/pages\/621\/revisions\/944"}],"up":[{"embeddable":true,"href":"https:\/\/dcmlr.inf.fu-berlin.de\/rojas\/wp-json\/wp\/v2\/pages\/33"}],"wp:featuredmedia":[{"embeddable":true,"href":"https:\/\/dcmlr.inf.fu-berlin.de\/rojas\/wp-json\/wp\/v2\/media\/634"}],"wp:attachment":[{"href":"https:\/\/dcmlr.inf.fu-berlin.de\/rojas\/wp-json\/wp\/v2\/media?parent=621"}],"curies":[{"name":"wp","href":"https:\/\/api.w.org\/{rel}","templated":true}]}}